 q is divided by k?
6
Let f(y) = -20*y - 23. Let d(m) = 30*m + 34. Let p(s) = 5*d(s) + 7*f(s). What is the remainder when p(4) is divided by 5?
4
Let b(f) = -f + 1. Let c be b(-3). Suppose -k - c*q = -7*q - 11, -k + 19 = 5*q. What is the remainder when 37 is divided by k?
9
Suppose -4*t = -0*d - 2*d - 100, -39 = -t + 4*d. Let g be 44 - (-1)/(4/12). Suppose g = 5*s - 18. Calculate the remainder when t is divided by s.
10
Suppose 4*h + t + 4*t - 32 = 0, -3*h - 2*t = -24. Let o(n) = 7*n - 33. What is the remainder when 45 is divided by o(h)?
22
Calculate the remainder when 216 + 1 - (-17)/((-425)/(-175)) is divided by 36.
8
Suppose 0 = -3*i + 2*i - 2*h + 15, 3*h = 15. Let x = 9 + -3. Calculate the remainder when x is divided by i.
1
Suppose 2*z = -4*c + 8, -c = z + z - 5. Let a be (113/z)/(1/(-2)). Let i = a + 160. What is the remainder when i is divided by 12?
11
Let l(y) = -y + 28. Let h be l(0). Let c = 53 - h. What is the remainder when 48 is divided by c?
23
Suppose s - 19 = 2*d, 5*d = -5*s - 0*s + 125. Let u(x) = -10*x + 13. Calculate the remainder when u(-9) is divided by s.
11
Suppose -5*g + 0*i + 4*i + 168 = 0, -2 = i. What is the remainder when g is divided by 6?
2
Let f(l) = -11*l**3 - 2*l**2 + l + 2. Let o be f(-2). Suppose -5*j + o = -j. Let x = -2765 + 2776. What is the remainder when j is divided by x?
9
Let q = 259 - 247. Calculate the remainder when 68 is divided by q.
8
Let n(p) = -p**3 + 4*p**2 - 1. Let w be n(3). Suppose 0*j - w*j = -424. What is the remainder when j is divided by (-3 + 4)/(2/22)?
9
Let n be ((-1 - 0) + 3)/1. Let t(d) = 21 + 14*d - d - 14 - 15 + d**n. Calculate the remainder when 11 is divided by t(-14).
5
Let s = 4 - 2. Calculate the remainder when 0*(-6)/30 + 3 is divided by s.
1
Suppose 0 = -6*z + z + 625. Suppose -4*i + 57 = 8*k - 3*k, 3*i + 3*k = 42. What is the remainder when i is divided by 1/(-3) + z/15?
5
Let o = -811 + 836. What is the remainder when o is divided by 18?
7
Calculate the remainder when ((-20)/8 - (-99)/12)*16 is divided by 64.
28
Suppose 2*l + 64 = 5*t, -4*t + l + l = -50. Suppose -3*m + 152 = -3*c + c, -2*m - 2*c = -98. Calculate the remainder when m is divided by t.
8
Let c = -128 + 132. What is the remainder when 13*(-1 + 0)*-3 is divided by c/(-14) + (-8)/(-28)*50?
11
Suppose 2*j + 10 = 0, -q + 65 + 11 = 3*j. Suppose 3*b - q = -o + b, 5*b = -25. What is the remainder when o is divided by 17?
16
Let t = -3682 - -3692. Suppose -2*j = -3*s, -8*j = -4*j - 5*s - 2. Suppose 4*u - 3*i = 25, -i = -4*u + j*i + 28. Calculate the remainder when t is divided by u.
2
Suppose 3*c + 10 = -53. Let s = 17 + c. Let j(w) = w**3 + 4*w**2 - 4*w - 3. Calculate the remainder when 76 is divided by j(s).
11
Let r(k) = 165*k**3 - 2*k**2 - 2*k + 3. What is the remainder when r(1) is divided by 75?
14
Let p = 119 + -83. Let s = -6 + p. What is the remainder when 148 is divided by s?
28
Let n(u) = 2*u**3 - 2. Suppose -o + 2 + 12 = 0. Suppose 12*l - 13*l + o = 0. What is the remainder when n(3) is divided by l?
10
Let q be (-26)/(-4) - 7/(-14). Let g(a) = -a**2 + 8*a + 10. Let n(j) = -j**2 + 50. Calculate the remainder when n(0) is divided by g(q).
16
Let g be ((-215)/(-15) - 0)*147. Calculate the remainder when 89 is divided by (-4)/26 - g/91*-1.
20
Suppose 17*s - 66 = 15*s. Suppose -4*r + 27 + 45 = 0. Calculate the remainder when s is divided by r.
15
Let u = -21 - -175. Suppose 311*v = 294*v + 527. Calculate the remainder when u is divided by v.
30
Let v = 477 - 459. Calculate the remainder when 52 is divided by v.
16
Let y = 40 + -25. Suppose -2*c + 10 = d + d, -d = -c - y. What is the remainder when 58 is divided by d?
8
Let k = 78 + -77. Let c = k - -32. Calculate the remainder when 63 is divided by c.
30
Let r = -36 - -23. Let x = r + 21. Calculate the remainder when 22 is divided by x.
6
Let s(p) = -16*p + 8. Suppose -1 = m - 2. Let i be (-3 + m)*(0 - -2). Calculate the remainder when s(i) is divided by 25.
22
Let t be ((-6)/(-6))/((-3418)/1140 + 3). Suppose 3*c - t = -3*c. What is the remainder when c is divided by 16?
15
Suppose 2101*h - 2105*h + 100 = 0. Suppose -2*l + 18 = -f, 3*l - 3*f - 6 - 18 = 0. What is the remainder when h is divided by l?
5
Let r(w) = 2*w + 21. Let o be r(-11). Let v be (-7)/(14/(-4)) + -3. Calculate the remainder when 161 is divided by (38 - -3) + (v - o).
38
Let l(t) be the first derivative of t**3/3 + 9*t**2 - 3*t - 6. Let u be l(-14). Let f = 98 + u. What is the remainder when f is divided by 10?
9
Let s = 126 + -51. Suppose 2*m = 4*g - 380, -2*m - 98 = 2*g - 3*g. Let t = g + -75. What is the remainder when s is divided by t?
18
Suppose -i = 3 - 2, 0 = 4*o - 2*i - 10. Calculate the remainder when (0 + -2)/(484/164 - 3) is divided by (-372)/(-27) - o/(-9).
13
Suppose 3*a = 2*c + 2*c, -a = -2*c + 2. Let w be (-2)/8 + (-885)/(-20). Suppose 11 = -3*i + w. What is the remainder when i is divided by a?
3
Let v(w) = -w**3 + 14*w**2 - 11*w - 6. Let t be v(12). Suppose 5*q = 15*q - t. What is the remainder when 28 is divided by q?
13
Let n(o) = -2*o + 19. Let x = 87 - 96. What is the remainder when n(x) is divided by 5?
2
Let r = 15 - 11. Suppose 3*s + 2 = -r. Calculate the remainder when 13 + -3*s/6 is divided by 8.
6
What is the remainder when 25 is divided by (4 + -5)*(-1 - 10)?
3
Let m(h) = 8*h + 6. What is the remainder when m(5) is divided by 5*((-4 - 3) + 3 - -9)?
21
Suppose -559 - 89 = -12*j. What is the remainder when j is divided by 33?
21
Suppose 4*d = 19*u - 21*u + 30, 4*u = 2*d + 10. Suppose -i = -3 - 1. Suppose 2*y - i*h = 34 - 6, 2*y + h = 13. What is the remainder when y is divided by u?
3
What is the remainder when 125 is divided by 8/12 - (-875)/15?
7
Let i = -540 - -560. Let v(a) be the first derivative of a**2/2 + 3*a - 1. What is the remainder when i is divided by v(4)?
6
Suppose 11 = 2*s + 7. Suppose 20 = -s*o + 6*o. Suppose 4*r + f - 115 = 0, o*r - 4*f - 62 = 3*r. Calculate the remainder when r is divided by 11.
7
What is the remainder when 268 is divided by ((-7)/21)/(-2*(-2)/(-1152))?
76
Let h(w) = -w**2 + 7*w + 4. Suppose 0 = 2*v - 3*v + 6. Calculate the remainder when 34 is divided by h(v).
4
Let u = 7 + -3. Suppose 2*t + 8 = u*q, 0*t + q = t. Suppose -r - 3*m = t*r - 200, 0 = -5*r + 4*m + 235. What is the remainder when r is divided by 15?
13
Let p be 28/6 - 2/3. Suppose 3*d = -4*k - 77, 0*d = 2*k + p*d + 26. Let h = k + 49. What is the remainder when 102 is divided by h?
24
Let o(c) = -c + 5. Let k be o(3). Let a = -43 + 96. What is the remainder when a is divided by ((-144)/(-20))/(k/5)?
17
Let n = 45 + -9. Calculate the remainder when 112 is divided by n.
4
What is the remainder when 8/3*-2*(-81)/6 is divided by 51?
21
Let v be -25 - 4*6/8. Let u = v - -18. Let q(i) = -2*i - 10. What is the remainder when 19 is divided by q(u)?
9
Let o(w) = -w**3 - 8*w**2 - 7*w + 1. Let f be o(-7). What is the remainder when -3*f + (-325)/(-5) is divided by 17?
11
What is the remainder when (-1086)/(-14) + 40/(-70) is divided by 4?
1
Let m(z) = -z**2 - z + 7. Let x = -74 + 88. What is the remainder when (125/(-35) + 5)/(1/x) is divided by m(0)?
6
Suppose 8*q + 55 = 13*q. Suppose -403 - 180 = -q*t. What is the remainder when t is divided by 18?
17
Suppose 5*y = -46 + 121. Let u(c) = -3*c + 51. What is the remainder when u(y) is divided by 5?
1
Suppose 5*l + 3*v - 102 = 0, -106 = -4*l - l + v. Suppose -47 = -5*u + 18. Calculate the remainder when (-6)/(-2) + l + -3 + 2 is divided by u.
10
Suppose -2*j + 60 + 36 = 0. Suppose 0 = -2*a - 20 + j. Calculate the remainder when 50 is divided by a.
8
Suppose 0 = 7*q - 9*q. Let v be -3 - (-1 + -5 + q). Suppose s + 4 = -v*n + n, 0 = -2*s + 2*n + 22. What is the remainder when s is divided by 2?
0
Suppose 3*p + 2*p - 410 = 4*i, -2*p = 3*i - 141. Suppose -29 = -4*g + 3*h, h + 4*h = -2*g + 47. Let s = p - g. What is the remainder when s is divided by 17?
16
Let x be (-8 - (-1 + -1))/(-1 - 1). Suppose -3*f = x*y + 2*y - 74, y + 91 = 4*f. Calculate the remainder when f is divided by 12.
11
Let v(f) = 3*f**3 + 0*f**3 - 8 - 4*f**3 + 15*f + 0*f + 11*f**2. Calculate the remainder when 137 is divided by v(12).
25
Let w = -1274 - -1313. What is the remainder when w is divided by (-1 - -3)/2 - -19?
19
Calculate the remainder when (-7 -